sor of 99 and 12133?
11
Calculate the greatest common factor of 20527 and 2821.
13
What is the greatest common divisor of 333 and 1258?
37
Calculate the greatest common factor of 144 and 882.
18
What is the highest common divisor of 20 and 305420?
20
What is the highest common divisor of 187343 and 52?
13
Calculate the highest common divisor of 2440 and 20008.
488
What is the greatest common divisor of 1112 and 352226?
278
What is the greatest common factor of 435460 and 120?
20
Calculate the greatest common divisor of 293347 and 1398.
233
Calculate the highest common divisor of 309 and 395211.
309
What is the greatest common divisor of 111 and 3177449?
37
Calculate the highest common divisor of 39 and 33228.
39
Calculate the highest common divisor of 5483 and 2.
1
Calculate the highest common divisor of 1096 and 68.
4
Calculate the greatest common factor of 3070 and 320.
10
What is the greatest common factor of 36595 and 1625?
65
What is the greatest common divisor of 55 and 2771065?
55
Calculate the highest common divisor of 115689 and 441.
147
Calculate the highest common factor of 36 and 199809.
9
What is the greatest common factor of 38425 and 106?
53
What is the highest common divisor of 593549 and 11?
11
What is the highest common factor of 18231 and 2006?
59
Calculate the highest common factor of 9423 and 432.
27
Calculate the greatest common divisor of 56352 and 480.
96
What is the highest common divisor of 78055 and 23300?
1165
Calculate the highest common factor of 257045 and 4.
1
What is the greatest common divisor of 17320 and 160?
40
Calculate the greatest common factor of 837812 and 172.
172
What is the highest common factor of 7047 and 6525?
261
What is the greatest common factor of 2144 and 4000?
32
What is the highest common factor of 18 and 268623?
9
What is the greatest common factor of 58 and 136213?
29
Calculate the highest common divisor of 1438 and 6957763.
719
What is the highest common divisor of 1535 and 1368299?
307
Calculate the greatest common factor of 740 and 4311980.
740
What is the highest common factor of 323 and 21148?
17
Calculate the highest common divisor of 2006 and 47124.
34
What is the highest common divisor of 660 and 25044?
12
What is the highest common factor of 202969 and 13?
13
Calculate the greatest common factor of 16660 and 686.
98
Calculate the greatest common factor of 54405 and 6435.
585
What is the highest common factor of 30679 and 99?
11
Calculate the highest common divisor of 4596 and 300655.
383
What is the highest common divisor of 129 and 363?
3
What is the highest common divisor of 16956 and 100?
4
What is the highest common divisor of 61 and 30622427?
61
What is the greatest common factor of 146240 and 320?
320
Calculate the greatest common divisor of 105 and 11030.
5
What is the highest common divisor of 6645 and 120?
15
What is the highest common factor of 45073 and 104531?
959
What is the highest common divisor of 312 and 338000?
104
What is the greatest common divisor of 875989 and 2036?
509
Calculate the greatest common factor of 13376 and 192698.
418
Calculate the greatest common divisor of 24 and 98592.
24
Calculate the greatest common divisor of 99781 and 125257.
2123
Calculate the highest common divisor of 321935 and 2345.
335
Calculate the greatest common factor of 91 and 48223.
7
Calculate the greatest common divisor of 68474 and 146.
146
Calculate the highest common factor of 234 and 3562.
26
Calculate the highest common factor of 15140 and 62831.
757
Calculate the greatest common factor of 36284 and 188.
188
What is the greatest common divisor of 402 and 2218638?
402
What is the greatest common divisor of 40513 and 110?
11
Calculate the highest common divisor of 115 and 5267.
23
What is the highest common factor of 799486 and 412?
206
Calculate the greatest common factor of 627 and 66253.
209
Calculate the highest common factor of 15206 and 148.
2
What is the greatest common factor of 18981 and 555?
111
Calculate the greatest common factor of 1360 and 130288.
272
What is the greatest common divisor of 444 and 66489?
111
What is the highest common divisor of 309414 and 3074?
106
What is the highest common factor of 16290 and 630?
90
What is the greatest common factor of 99120 and 4080?
240
Calculate the highest common factor of 1650 and 11484.
66
Calculate the highest common divisor of 7652442 and 14.
14
What is the highest common divisor of 5558 and 134186?
794
Calculate the greatest common divisor of 3848 and 5042804.
1924
Calculate the greatest common factor of 1564020 and 15.
15
Calculate the greatest common factor of 4763 and 18619.
433
Calculate the highest common factor of 72 and 5710248.
72
Calculate the greatest common factor of 468864 and 777.
111
Calculate the highest common divisor of 9 and 2502999.
9
Calculate the highest common factor of 32218 and 1448.
362
What is the greatest common factor of 7 and 29995?
7
What is the greatest common factor of 28 and 78908?
4
What is the highest common factor of 353849 and 2?
1
What is the greatest common factor of 830896 and 1232?
176
What is the greatest common factor of 434452 and 408?
68
What is the highest common factor of 3655 and 582607?
731
Calculate the highest common divisor of 1833 and 13533.
39
What is the greatest common factor of 131550 and 120?
30
Calculate the highest common divisor of 7540 and 121420.
260
What is the highest common factor of 375 and 189850?
25
Calculate the highest common divisor of 8 and 5078.
2
Calculate the greatest common divisor of 564 and 22876968.
564
What is the greatest common divisor of 221 and 598?
13
What is the greatest common factor of 2360 and 12?
4
Calculate the highest common factor of 28701 and 3699.
27
Calculate the highest common divisor of 676 and 7592.
52
What is the greatest common divisor of 30 and 20005?
5
Calculate the greatest common divisor of 18 and 136530.
18
What is the highest common factor of 1964 and 1984?
4
What is the greatest common divisor of 53 and 89941?
53
Calculate the greatest common factor of 459 and 577320.
51
Calculate the greatest common divisor of 7 and 1159277.
7
What is the highest common factor of 2884 and 3780?
28
Calculate the highest common divisor of 92422 and 44.
22
Calculate the greatest common divisor of 16 and 53552.
16
Calculate the greatest common divisor of 8211 and 8855.
161
What is the greatest common divisor of 241 and 208465?
241
Calculate the highest common factor of 427 and 779885.
61
What is the highest common factor of 2539 and 485?
1
What is the greatest common divisor of 12 and 11499?
3
What is the greatest common divisor of 3 and 86319?
3
What is the greatest common divisor of 649 and 606697?
59
What is the highest common divisor of 14003 and 121?
11
Calculate the greatest common divisor of 15715 and 12460.
35
Calculate the highest common factor of 115 and 773881.
23
Calculate the highest common factor of 245 and 37135.
35
What is the highest common divisor of 22700 and 12800?
100
Calculate the greatest common factor of 11 and 7123127.
11
Calculate the highest common divisor of 1988 and 3892.
28
Calculate the greatest common factor of 7733 and 51319.
703
What is the highest common divisor of 591867 and 162?
81
Calculate the greatest common factor of 810 and 315990.
90
What is the highest common divisor of 26381 and 72013?
713
What is the greatest common factor of 47829 and 12367?
149
What is the highest common factor of 21 and 75747?
21
Calculate the highest common factor of 46200 and 168.
168
Calculate the highest common divisor of 46565 and 10720.
335
Calculate the greatest common factor of 590 and 1400.
10
What is the highest common factor of 4224 and 2004?
12
Calculate the greatest common divisor of 6286 and 3458.
14
Calculate the highest common factor of 8040915 and 1371.
1371
What is the greatest common factor of 240944 and 176?
176
Calculate the highest common divisor of 32890 and 44.
22
What is the highest common divisor of 1031620 and 20?
20
What is the highest common divisor of 643200 and 11055?
1005
What is the greatest common factor of 1792879 and 44?
11
What is the highest common divisor of 1008 and 3780?
252
What is the greatest common divisor of 1736 and 992?
248
What is the greatest common facto